{"id":103,"date":"2020-08-30T20:56:54","date_gmt":"2020-08-30T18:56:54","guid":{"rendered":"http:\/\/lesstagesdanthony.com\/?page_id=103"},"modified":"2025-10-12T20:27:07","modified_gmt":"2025-10-12T18:27:07","slug":"les-formules-decouverte","status":"publish","type":"page","link":"https:\/\/lesstagesdanthony.com\/?page_id=103","title":{"rendered":"Les Formules \u00ab\u00a0Stage Modelage\u00a0\u00bb"},"content":{"rendered":"<blockquote><hr class=\"wp-block-separator\" \/>\r\n\r\n<\/blockquote>\r\n<h3 data-start=\"164\" data-end=\"221\">\ud83d\uddd3\ufe0f <strong data-start=\"172\" data-end=\"221\">Planning des Stages 2026 \u2013 L\u2019Atelier de Fanny<\/strong><\/h3>\r\n<p class=\"wp-block-paragraph\" data-start=\"223\" data-end=\"236\"><strong data-start=\"223\" data-end=\"234\">Janvier<\/strong><\/p>\r\n<ul data-start=\"237\" data-end=\"270\">\r\n<li data-start=\"237\" data-end=\"270\">\r\n<p data-start=\"239\" data-end=\"270\">Week-end : <strong data-start=\"250\" data-end=\"270\">24 et 25 janvier<\/strong><\/p>\r\n<\/li>\r\n<\/ul>\r\n<p data-start=\"272\" data-end=\"285\"><strong data-start=\"272\" data-end=\"283\">F\u00e9vrier<\/strong><\/p>\r\n<ul data-start=\"286\" data-end=\"317\">\r\n<li data-start=\"286\" data-end=\"317\">\r\n<p data-start=\"288\" data-end=\"317\">Week-end : <strong data-start=\"299\" data-end=\"317\">7 et 8 f\u00e9vrier<\/strong><\/p>\r\n<\/li>\r\n<\/ul>\r\n<p data-start=\"319\" data-end=\"329\"><strong data-start=\"319\" data-end=\"327\">Mars<\/strong><\/p>\r\n<ul data-start=\"330\" data-end=\"360\">\r\n<li data-start=\"330\" data-end=\"360\">\r\n<p data-start=\"332\" data-end=\"360\">Week-end : <strong data-start=\"343\" data-end=\"360\">28 et 29 mars<\/strong><\/p>\r\n<\/li>\r\n<\/ul>\r\n<p data-start=\"362\" data-end=\"373\"><strong data-start=\"362\" data-end=\"371\">Avril<\/strong><\/p>\r\n<ul data-start=\"374\" data-end=\"432\">\r\n<li data-start=\"374\" data-end=\"400\">\r\n<p data-start=\"376\" data-end=\"400\">Journ\u00e9e : <strong data-start=\"386\" data-end=\"398\">11 avril<\/strong><\/p>\r\n<\/li>\r\n<li data-start=\"401\" data-end=\"432\">\r\n<p data-start=\"403\" data-end=\"432\">Week-end : <strong data-start=\"414\" data-end=\"432\">25 et 26 avril<\/strong><\/p>\r\n<\/li>\r\n<\/ul>\r\n<p data-start=\"434\" data-end=\"443\"><strong data-start=\"434\" data-end=\"441\">Mai<\/strong><\/p>\r\n<ul data-start=\"444\" data-end=\"498\">\r\n<li data-start=\"444\" data-end=\"475\">\r\n<p data-start=\"446\" data-end=\"475\">Week-end : <strong data-start=\"457\" data-end=\"473\">16 et 17 mai<\/strong><\/p>\r\n<\/li>\r\n<li data-start=\"476\" data-end=\"498\">\r\n<p data-start=\"478\" data-end=\"498\">Journ\u00e9e : <strong data-start=\"488\" data-end=\"498\">30 mai<\/strong><\/p>\r\n<\/li>\r\n<\/ul>\r\n<p data-start=\"500\" data-end=\"510\"><strong data-start=\"500\" data-end=\"508\">Juin<\/strong><\/p>\r\n<ul data-start=\"511\" data-end=\"541\">\r\n<li data-start=\"511\" data-end=\"541\">\r\n<p data-start=\"513\" data-end=\"541\">Week-end : <strong data-start=\"524\" data-end=\"541\">13 et 14 juin<\/strong><\/p>\r\n<\/li>\r\n<\/ul>\r\n<p data-start=\"543\" data-end=\"556\"><strong data-start=\"543\" data-end=\"554\">Juillet<\/strong><\/p>\r\n<ul data-start=\"557\" data-end=\"619\">\r\n<li data-start=\"557\" data-end=\"592\">\r\n<p data-start=\"559\" data-end=\"592\">Week-end : <strong data-start=\"570\" data-end=\"590\">25 et 26 juillet<\/strong><\/p>\r\n<\/li>\r\n<li data-start=\"593\" data-end=\"619\">\r\n<p data-start=\"595\" data-end=\"619\">Journ\u00e9e : <strong data-start=\"605\" data-end=\"619\">11 juillet<\/strong><\/p>\r\n<\/li>\r\n<\/ul>\r\n<p data-start=\"621\" data-end=\"636\"><strong data-start=\"621\" data-end=\"634\">Septembre<\/strong><\/p>\r\n<ul data-start=\"637\" data-end=\"703\">\r\n<li data-start=\"637\" data-end=\"674\">\r\n<p data-start=\"639\" data-end=\"674\">Week-end : <strong data-start=\"650\" data-end=\"672\">19 et 20 septembre<\/strong><\/p>\r\n<\/li>\r\n<li data-start=\"675\" data-end=\"703\">\r\n<p data-start=\"677\" data-end=\"703\">Journ\u00e9e : <strong data-start=\"687\" data-end=\"703\">12 septembre<\/strong><\/p>\r\n<\/li>\r\n<\/ul>\r\n<p data-start=\"705\" data-end=\"718\"><strong data-start=\"705\" data-end=\"716\">Octobre<\/strong><\/p>\r\n<ul data-start=\"719\" data-end=\"750\">\r\n<li data-start=\"719\" data-end=\"750\">\r\n<p data-start=\"721\" data-end=\"750\">Week-end : <strong data-start=\"732\" data-end=\"750\">3 et 4 octobre<\/strong><\/p>\r\n<\/li>\r\n<\/ul>\r\n<p>&#8212;&#8212;&#8212;&#8212;&#8212;&#8212;&#8212;&#8212;&#8212;&#8212;&#8212;&#8212;&#8212;&#8212;&#8212;&#8212;&#8212;&#8212;&#8212;&#8212;&#8212;&#8212;&#8212;&#8212;&#8212;&#8212;&#8212;&#8212;&#8212;&#8212;-<\/p>\r\n\r\n\r\n\r\n<h3 class=\"wp-block-heading\"><strong>*Formule 2 jours &#8211; <\/strong><strong>Samedi &amp; Dimanche\u00a0<\/strong><\/h3>\r\n\r\n\r\n\r\n<ul>\r\n<li>Modelage de votre Maison de Village ou Cabanon de Provence<\/li>\r\n<li>D\u00e9coration d&rsquo;une maison de l&rsquo;Atelier de Fanny de A \u00e0 Z que vous emporterez<\/li>\r\n<li>R\u00e9alisation de sc\u00e9nettes de votre choix que vous pourrez d\u00e9corer par la suite &#8230;<\/li>\r\n<\/ul>\r\n\r\n\r\n\r\n<h5><strong>Tarif 259 \u20ac au lieu de 280\u20ac<\/strong><\/h5>\r\n<h5>\u00a0Argile et peintures comprises et cuisson de votre ou vos pi\u00e8ces. ( Vous devrez r\u00e9cup\u00e9rer votre ou vos cr\u00e9ations plus tard et pour ceux qui habitent loin nous proposons d&rsquo;exp\u00e9dier les cr\u00e9ations.\u00a0 Frais de port 20\u20ac ).<\/h5>\r\n\r\n\r\n\r\n<p class=\"wp-block-paragraph\">Vous aurez (apr\u00e8s cuisson) votre maison en argile \u00e0 d\u00e9corer, une maison de l&rsquo;Atelier de Fanny d\u00e9cor\u00e9e par vos soins et une ou plusieurs sc\u00e9nettes \u00e0 d\u00e9corer !<\/p>\r\n\r\n\r\n<hr class=\"wp-block-separator\" \/>\r\n\r\n\r\n<h3 class=\"wp-block-heading\"><strong>*Formule Duo 2 jours &#8211; Samedi &amp; Dimanche<\/strong><\/h3>\r\n<p>\ud83d\udea8Pour les formule duo, au moment du paiement dans le panier appliquez le CODE PROMO : STAGEDUO<\/p>\r\n\r\n\r\n\r\n<p class=\"wp-block-paragraph\">Modelage de votre Maison de Village ou Cabanon de Provence, d\u00e9coration d&rsquo;une maison de l&rsquo;Atelier de Fanny de A \u00e0 Z que vous emporterez, r\u00e9alisation de sc\u00e9nettes de votre choix que vous pourrez d\u00e9corer par la suite &#8230;<\/p>\r\n\r\n\r\n\r\n<h5><strong>Tarif 230 \u20ac<\/strong> par personne au lieu de 280\u20ac<\/h5>\r\n<p class=\"wp-block-paragraph\">\u00a0Argile et peintures comprises et cuisson de votre ou vos pi\u00e8ces .( Vous devrez r\u00e9cup\u00e9rer votre ou vos cr\u00e9ations plus tard et pour ceux qui habitent loin nous proposons d&rsquo;exp\u00e9dier les cr\u00e9ations.\u00a0 Frais de port 20\u20ac ).<\/p>\r\n\r\n\r\n\r\n<p class=\"wp-block-paragraph\">Vous aurez (apr\u00e8s cuisson) votre maison en argile \u00e0 d\u00e9corer, une maison de l&rsquo;Atelier de Fanny d\u00e9cor\u00e9e par vos soins et une ou plusieurs sc\u00e9nettes \u00e0 d\u00e9corer !<\/p>\r\n\r\n\r\n<hr class=\"wp-block-separator\" \/>\r\n\r\n\r\n<h3 class=\"wp-block-heading\"><strong>*Formule Groupes 2 jours Samedi &amp; Dimanche (\u00e0 partir de 6<\/strong><strong>\u00a0personnes)<\/strong><\/h3>\r\n\r\n\r\n\r\n<p class=\"wp-block-paragraph\">Modelage de votre Maison de Village ou Cabanon de Provence, d\u00e9coration d&rsquo;une maison de l&rsquo;Atelier de Fanny de A \u00e0 Z que vous emporterez, r\u00e9alisation de sc\u00e9nettes de votre choix que vous pourrez d\u00e9corer par la suite \u2026<\/p>\r\n\r\n\r\n\r\n<h5><strong>Tarif 200 \u20ac<\/strong> par personne\u00a0 \u00a0<\/h5>\r\n<p class=\"wp-block-paragraph\">\u00a0Argile et peintures comprises et cuisson de votre ou vos pi\u00e8ces .( Vous devrez r\u00e9cup\u00e9rer votre ou vos cr\u00e9ations plus tard et pour ceux qui habitent loin nous proposons d&rsquo;exp\u00e9dier les cr\u00e9ations.\u00a0 Frais de port 20\u20ac ).<\/p>\r\n\r\n\r\n\r\n<p class=\"wp-block-paragraph\">Vous aurez (apr\u00e8s cuisson) votre maison en argile \u00e0 d\u00e9corer , une maison de l&rsquo;Atelier de Fanny d\u00e9cor\u00e9e par vos soins et une ou\u00a0 plusieurs sc\u00e9nettes \u00e0 d\u00e9corer !<\/p>\r\n\r\n\r\n<hr class=\"wp-block-separator\" \/>\r\n\r\n\r\n<h3 class=\"wp-block-heading\"><strong>*Formule Enfant-Ado (de 10 \u00e0 18 ans accompagn\u00e9s) 2 jours Samedi &amp; Dimanche<\/strong><\/h3>\r\n\r\n\r\n\r\n<p class=\"wp-block-paragraph\">Modelage de votre Maison de Village ou Cabanon de Provence, d\u00e9coration d&rsquo;une maison de l&rsquo;Atelier de Fanny de A \u00e0 Z que vous emporterez, r\u00e9alisation de sc\u00e9nettes de votre choix que vous pourrez d\u00e9corer par la suite \u2026<\/p>\r\n\r\n\r\n\r\n<h5><strong>Tarif 200 \u20ac<\/strong><\/h5>\r\n<p class=\"wp-block-paragraph\">\u00a0Argile et peintures comprises et cuisson de votre ou vos pi\u00e8ces .( Vous devrez r\u00e9cup\u00e9rer votre ou vos cr\u00e9ations plus tard et pour ceux qui habitent loin nous proposons d&rsquo;exp\u00e9dier les cr\u00e9ations.\u00a0 Frais de port 20\u20ac ).<\/p>\r\n\r\n\r\n\r\n<p class=\"wp-block-paragraph\">Vous aurez (apr\u00e8s cuisson) votre maison en argile \u00e0 d\u00e9corer , une maison de l&rsquo;Atelier de Fanny d\u00e9cor\u00e9e par vos soins et une ou\u00a0 plusieurs sc\u00e9nettes \u00e0 d\u00e9corer !<\/p>\r\n\r\n\r\n\r\n<p class=\"wp-block-paragraph\">&nbsp;<\/p>\r\n\r\n\r\n\r\n<p class=\"has-large-font-size wp-block-paragraph\"><strong>Pour les groupes \u00e0 partir de 6 personnes, vous pouvez nous contacter afin de cr\u00e9er une nouvelle date de Stage !<\/strong><\/p>\r\n<hr \/>\r\n<h3><strong>*Formule Journ\u00e9e le Samedi\u00a0<\/strong><\/h3>\r\n<p>\r\n\r\n<\/p>\r\n<p class=\"wp-block-paragraph\">Modelage de votre Maison de Village ou Cabanon de Provence.<\/p>\r\n<p>\r\n\r\n<\/p>\r\n<h5><strong>Tarif 150\u20ac au lieu de 169\u20ac<\/strong><\/h5>\r\n<p class=\"wp-block-paragraph\">\u00a0Argile comprises et cuisson de votre ou vos pi\u00e8ces .( Vous devrez r\u00e9cup\u00e9rer votre ou vos cr\u00e9ations plus tard et pour ceux qui habitent loin nous proposons d&rsquo;exp\u00e9dier les cr\u00e9ations.\u00a0 Frais de port 20\u20ac ).<\/p>\r\n<p>\r\n\r\n<\/p>\r\n<p class=\"wp-block-paragraph\">Vous aurez (apr\u00e8s cuisson) votre maison en argile \u00e0 d\u00e9corer.<\/p>\r\n","protected":false},"excerpt":{"rendered":"<p>\ud83d\uddd3\ufe0f Planning des Stages 2026 \u2013 L\u2019Atelier de Fanny Janvier Week-end : 24 et 25 janvier F\u00e9vrier Week-end : 7 et 8 f\u00e9vrier Mars Week-end : 28 et 29 mars Avril Journ\u00e9e : 11 avril Week-end : 25 et 26 avril Mai Week-end : 16 et 17 mai Journ\u00e9e : 30 mai Juin Week-end : [&hellip;]<\/p>\n","protected":false},"author":134120046,"featured_media":2490,"parent":0,"menu_order":0,"comment_status":"closed","ping_status":"closed","template":"","meta":{"_coblocks_attr":"","_coblocks_dimensions":"","_coblocks_responsive_height":"","_coblocks_accordion_ie_support":"","_crdt_document":"","footnotes":""},"class_list":["post-103","page","type-page","status-publish","has-post-thumbnail","hentry"],"yoast_head":"<!-- This site is optimized with the Yoast SEO plugin v27.5 - https:\/\/yoast.com\/product\/yoast-seo-wordpress\/ -->\n<title>Les Formules &quot;Stage Modelage&quot; - Stages Sculpture et Modelage en Argile<\/title>\n<meta name=\"robots\" content=\"index, follow, max-snippet:-1, max-image-preview:large, max-video-preview:-1\" \/>\n<link rel=\"canonical\" href=\"https:\/\/lesstagesdanthony.com\/?page_id=103\" \/>\n<meta property=\"og:locale\" content=\"fr_FR\" \/>\n<meta property=\"og:type\" content=\"article\" \/>\n<meta property=\"og:title\" content=\"Les Formules &quot;Stage Modelage&quot; - Stages Sculpture et Modelage en Argile\" \/>\n<meta property=\"og:description\" content=\"\ud83d\uddd3\ufe0f Planning des Stages 2026 \u2013 L\u2019Atelier de Fanny Janvier Week-end : 24 et 25 janvier F\u00e9vrier Week-end : 7 et 8 f\u00e9vrier Mars Week-end : 28 et 29 mars Avril Journ\u00e9e : 11 avril Week-end : 25 et 26 avril Mai Week-end : 16 et 17 mai Journ\u00e9e : 30 mai Juin Week-end : [&hellip;]\" \/>\n<meta property=\"og:url\" content=\"https:\/\/lesstagesdanthony.com\/?page_id=103\" \/>\n<meta property=\"og:site_name\" content=\"Stages Sculpture et Modelage en Argile\" \/>\n<meta property=\"article:publisher\" content=\"http:\/\/www.facebook.com\/atelierfanny\" \/>\n<meta property=\"article:modified_time\" content=\"2025-10-12T18:27:07+00:00\" \/>\n<meta property=\"og:image\" content=\"https:\/\/lesstagesdanthony.com\/wp-content\/uploads\/2024\/07\/Activite-team-building-originale-creative-sculpter.png\" \/>\n\t<meta property=\"og:image:width\" content=\"734\" \/>\n\t<meta property=\"og:image:height\" content=\"734\" \/>\n\t<meta property=\"og:image:type\" content=\"image\/png\" \/>\n<meta name=\"twitter:card\" content=\"summary_large_image\" \/>\n<meta name=\"twitter:label1\" content=\"Dur\u00e9e de lecture estim\u00e9e\" \/>\n\t<meta name=\"twitter:data1\" content=\"4 minutes\" \/>\n<script type=\"application\/ld+json\" class=\"yoast-schema-graph\">{\"@context\":\"https:\\\/\\\/schema.org\",\"@graph\":[{\"@type\":\"WebPage\",\"@id\":\"https:\\\/\\\/lesstagesdanthony.com\\\/?page_id=103\",\"url\":\"https:\\\/\\\/lesstagesdanthony.com\\\/?page_id=103\",\"name\":\"Les Formules \\\"Stage Modelage\\\" - Stages Sculpture et Modelage en Argile\",\"isPartOf\":{\"@id\":\"https:\\\/\\\/lesstagesdanthony.com\\\/#website\"},\"primaryImageOfPage\":{\"@id\":\"https:\\\/\\\/lesstagesdanthony.com\\\/?page_id=103#primaryimage\"},\"image\":{\"@id\":\"https:\\\/\\\/lesstagesdanthony.com\\\/?page_id=103#primaryimage\"},\"thumbnailUrl\":\"https:\\\/\\\/i0.wp.com\\\/lesstagesdanthony.com\\\/wp-content\\\/uploads\\\/2024\\\/07\\\/Activite-team-building-originale-creative-sculpter.png?fit=734%2C734&ssl=1\",\"datePublished\":\"2020-08-30T18:56:54+00:00\",\"dateModified\":\"2025-10-12T18:27:07+00:00\",\"breadcrumb\":{\"@id\":\"https:\\\/\\\/lesstagesdanthony.com\\\/?page_id=103#breadcrumb\"},\"inLanguage\":\"fr-FR\",\"potentialAction\":[{\"@type\":\"ReadAction\",\"target\":[\"https:\\\/\\\/lesstagesdanthony.com\\\/?page_id=103\"]}]},{\"@type\":\"ImageObject\",\"inLanguage\":\"fr-FR\",\"@id\":\"https:\\\/\\\/lesstagesdanthony.com\\\/?page_id=103#primaryimage\",\"url\":\"https:\\\/\\\/i0.wp.com\\\/lesstagesdanthony.com\\\/wp-content\\\/uploads\\\/2024\\\/07\\\/Activite-team-building-originale-creative-sculpter.png?fit=734%2C734&ssl=1\",\"contentUrl\":\"https:\\\/\\\/i0.wp.com\\\/lesstagesdanthony.com\\\/wp-content\\\/uploads\\\/2024\\\/07\\\/Activite-team-building-originale-creative-sculpter.png?fit=734%2C734&ssl=1\",\"width\":734,\"height\":734},{\"@type\":\"BreadcrumbList\",\"@id\":\"https:\\\/\\\/lesstagesdanthony.com\\\/?page_id=103#breadcrumb\",\"itemListElement\":[{\"@type\":\"ListItem\",\"position\":1,\"name\":\"Accueil\",\"item\":\"https:\\\/\\\/lesstagesdanthony.com\\\/\"},{\"@type\":\"ListItem\",\"position\":2,\"name\":\"Les Formules \u00ab\u00a0Stage Modelage\u00a0\u00bb\"}]},{\"@type\":\"WebSite\",\"@id\":\"https:\\\/\\\/lesstagesdanthony.com\\\/#website\",\"url\":\"https:\\\/\\\/lesstagesdanthony.com\\\/\",\"name\":\"Stages Sculpture et Modelage\",\"description\":\"Stages Sculpture et Modelage de d\u00e9cors en Argile \u00e0 Aubagne\",\"potentialAction\":[{\"@type\":\"SearchAction\",\"target\":{\"@type\":\"EntryPoint\",\"urlTemplate\":\"https:\\\/\\\/lesstagesdanthony.com\\\/?s={search_term_string}\"},\"query-input\":{\"@type\":\"PropertyValueSpecification\",\"valueRequired\":true,\"valueName\":\"search_term_string\"}}],\"inLanguage\":\"fr-FR\"}]}<\/script>\n<!-- \/ Yoast SEO plugin. -->","yoast_head_json":{"title":"Les Formules \"Stage Modelage\" - Stages Sculpture et Modelage en Argile","robots":{"index":"index","follow":"follow","max-snippet":"max-snippet:-1","max-image-preview":"max-image-preview:large","max-video-preview":"max-video-preview:-1"},"canonical":"https:\/\/lesstagesdanthony.com\/?page_id=103","og_locale":"fr_FR","og_type":"article","og_title":"Les Formules \"Stage Modelage\" - Stages Sculpture et Modelage en Argile","og_description":"\ud83d\uddd3\ufe0f Planning des Stages 2026 \u2013 L\u2019Atelier de Fanny Janvier Week-end : 24 et 25 janvier F\u00e9vrier Week-end : 7 et 8 f\u00e9vrier Mars Week-end : 28 et 29 mars Avril Journ\u00e9e : 11 avril Week-end : 25 et 26 avril Mai Week-end : 16 et 17 mai Journ\u00e9e : 30 mai Juin Week-end : [&hellip;]","og_url":"https:\/\/lesstagesdanthony.com\/?page_id=103","og_site_name":"Stages Sculpture et Modelage en Argile","article_publisher":"http:\/\/www.facebook.com\/atelierfanny","article_modified_time":"2025-10-12T18:27:07+00:00","og_image":[{"width":734,"height":734,"url":"https:\/\/lesstagesdanthony.com\/wp-content\/uploads\/2024\/07\/Activite-team-building-originale-creative-sculpter.png","type":"image\/png"}],"twitter_card":"summary_large_image","twitter_misc":{"Dur\u00e9e de lecture estim\u00e9e":"4 minutes"},"schema":{"@context":"https:\/\/schema.org","@graph":[{"@type":"WebPage","@id":"https:\/\/lesstagesdanthony.com\/?page_id=103","url":"https:\/\/lesstagesdanthony.com\/?page_id=103","name":"Les Formules \"Stage Modelage\" - Stages Sculpture et Modelage en Argile","isPartOf":{"@id":"https:\/\/lesstagesdanthony.com\/#website"},"primaryImageOfPage":{"@id":"https:\/\/lesstagesdanthony.com\/?page_id=103#primaryimage"},"image":{"@id":"https:\/\/lesstagesdanthony.com\/?page_id=103#primaryimage"},"thumbnailUrl":"https:\/\/i0.wp.com\/lesstagesdanthony.com\/wp-content\/uploads\/2024\/07\/Activite-team-building-originale-creative-sculpter.png?fit=734%2C734&ssl=1","datePublished":"2020-08-30T18:56:54+00:00","dateModified":"2025-10-12T18:27:07+00:00","breadcrumb":{"@id":"https:\/\/lesstagesdanthony.com\/?page_id=103#breadcrumb"},"inLanguage":"fr-FR","potentialAction":[{"@type":"ReadAction","target":["https:\/\/lesstagesdanthony.com\/?page_id=103"]}]},{"@type":"ImageObject","inLanguage":"fr-FR","@id":"https:\/\/lesstagesdanthony.com\/?page_id=103#primaryimage","url":"https:\/\/i0.wp.com\/lesstagesdanthony.com\/wp-content\/uploads\/2024\/07\/Activite-team-building-originale-creative-sculpter.png?fit=734%2C734&ssl=1","contentUrl":"https:\/\/i0.wp.com\/lesstagesdanthony.com\/wp-content\/uploads\/2024\/07\/Activite-team-building-originale-creative-sculpter.png?fit=734%2C734&ssl=1","width":734,"height":734},{"@type":"BreadcrumbList","@id":"https:\/\/lesstagesdanthony.com\/?page_id=103#breadcrumb","itemListElement":[{"@type":"ListItem","position":1,"name":"Accueil","item":"https:\/\/lesstagesdanthony.com\/"},{"@type":"ListItem","position":2,"name":"Les Formules \u00ab\u00a0Stage Modelage\u00a0\u00bb"}]},{"@type":"WebSite","@id":"https:\/\/lesstagesdanthony.com\/#website","url":"https:\/\/lesstagesdanthony.com\/","name":"Stages Sculpture et Modelage","description":"Stages Sculpture et Modelage de d\u00e9cors en Argile \u00e0 Aubagne","potentialAction":[{"@type":"SearchAction","target":{"@type":"EntryPoint","urlTemplate":"https:\/\/lesstagesdanthony.com\/?s={search_term_string}"},"query-input":{"@type":"PropertyValueSpecification","valueRequired":true,"valueName":"search_term_string"}}],"inLanguage":"fr-FR"}]}},"jetpack_likes_enabled":false,"jetpack_sharing_enabled":true,"jetpack_shortlink":"https:\/\/wp.me\/Pckqc9-1F","amp_enabled":true,"_links":{"self":[{"href":"https:\/\/lesstagesdanthony.com\/index.php?rest_route=\/wp\/v2\/pages\/103","targetHints":{"allow":["GET"]}}],"collection":[{"href":"https:\/\/lesstagesdanthony.com\/index.php?rest_route=\/wp\/v2\/pages"}],"about":[{"href":"https:\/\/lesstagesdanthony.com\/index.php?rest_route=\/wp\/v2\/types\/page"}],"author":[{"embeddable":true,"href":"https:\/\/lesstagesdanthony.com\/index.php?rest_route=\/wp\/v2\/users\/134120046"}],"replies":[{"embeddable":true,"href":"https:\/\/lesstagesdanthony.com\/index.php?rest_route=%2Fwp%2Fv2%2Fcomments&post=103"}],"version-history":[{"count":28,"href":"https:\/\/lesstagesdanthony.com\/index.php?rest_route=\/wp\/v2\/pages\/103\/revisions"}],"predecessor-version":[{"id":4445,"href":"https:\/\/lesstagesdanthony.com\/index.php?rest_route=\/wp\/v2\/pages\/103\/revisions\/4445"}],"wp:featuredmedia":[{"embeddable":true,"href":"https:\/\/lesstagesdanthony.com\/index.php?rest_route=\/wp\/v2\/media\/2490"}],"wp:attachment":[{"href":"https:\/\/lesstagesdanthony.com\/index.php?rest_route=%2Fwp%2Fv2%2Fmedia&parent=103"}],"curies":[{"name":"wp","href":"https:\/\/api.w.org\/{rel}","templated":true}]}}