{"id":66,"date":"2020-08-30T17:39:39","date_gmt":"2020-08-30T16:39:39","guid":{"rendered":"http:\/\/lesstagesdanthony.com\/?page_id=66"},"modified":"2025-01-24T10:52:50","modified_gmt":"2025-01-24T09:52:50","slug":"programme-des-stages-sculpture-et-modelage","status":"publish","type":"page","link":"https:\/\/lesstagesdanthony.com\/?page_id=66","title":{"rendered":"Programme des Stages week-end"},"content":{"rendered":"<div id=\"pl-66\"  class=\"panel-layout\" ><div id=\"pg-66-0\"  class=\"panel-grid panel-no-style\" ><div id=\"pgc-66-0-0\"  class=\"panel-grid-cell\" ><div id=\"panel-66-0-0-0\" class=\"so-panel widget widget_sow-image panel-first-child panel-last-child\" data-index=\"0\" ><div\n\t\t\t\n\t\t\tclass=\"so-widget-sow-image so-widget-sow-image-default-8b5b6f678277-66\"\n\t\t\t\n\t\t>\n<div class=\"sow-image-container\">\n\t\t<img \n\tsrc=\"https:\/\/i0.wp.com\/lesstagesdanthony.com\/wp-content\/uploads\/2024\/05\/Screenshot_20220310-155556_Gallery.jpg?fit=1582%2C957&amp;ssl=1\" width=\"1582\" height=\"957\" srcset=\"https:\/\/i0.wp.com\/lesstagesdanthony.com\/wp-content\/uploads\/2024\/05\/Screenshot_20220310-155556_Gallery.jpg?w=1582&amp;ssl=1 1582w, https:\/\/i0.wp.com\/lesstagesdanthony.com\/wp-content\/uploads\/2024\/05\/Screenshot_20220310-155556_Gallery.jpg?resize=300%2C181&amp;ssl=1 300w, https:\/\/i0.wp.com\/lesstagesdanthony.com\/wp-content\/uploads\/2024\/05\/Screenshot_20220310-155556_Gallery.jpg?resize=1024%2C619&amp;ssl=1 1024w, https:\/\/i0.wp.com\/lesstagesdanthony.com\/wp-content\/uploads\/2024\/05\/Screenshot_20220310-155556_Gallery.jpg?resize=768%2C465&amp;ssl=1 768w, https:\/\/i0.wp.com\/lesstagesdanthony.com\/wp-content\/uploads\/2024\/05\/Screenshot_20220310-155556_Gallery.jpg?resize=1536%2C929&amp;ssl=1 1536w, https:\/\/i0.wp.com\/lesstagesdanthony.com\/wp-content\/uploads\/2024\/05\/Screenshot_20220310-155556_Gallery.jpg?resize=1200%2C726&amp;ssl=1 1200w, https:\/\/i0.wp.com\/lesstagesdanthony.com\/wp-content\/uploads\/2024\/05\/Screenshot_20220310-155556_Gallery.jpg?resize=1568%2C949&amp;ssl=1 1568w, https:\/\/i0.wp.com\/lesstagesdanthony.com\/wp-content\/uploads\/2024\/05\/Screenshot_20220310-155556_Gallery.jpg?resize=750%2C454&amp;ssl=1 750w\" title=\"stages modelage et sculpture en argile\" alt=\"\" \t\tclass=\"so-widget-image\"\/>\n\t<\/div>\n\n<\/div><\/div><\/div><div id=\"pgc-66-0-1\"  class=\"panel-grid-cell\" ><div id=\"panel-66-0-1-0\" class=\"so-panel widget widget_sow-editor panel-first-child panel-last-child\" data-index=\"1\" ><div\n\t\t\t\n\t\t\tclass=\"so-widget-sow-editor so-widget-sow-editor-base\"\n\t\t\t\n\t\t>\n<div class=\"siteorigin-widget-tinymce textwidget\">\n\t<p><strong>Anthony<\/strong>, Santonnier-Cr\u00e9chiste \u00e0 l'Atelier de Fanny vous propose la d\u00e9couverte d\u2019une Facette du m\u00e9tier de Santonnier, la cr\u00e9ation, le modelage et la d\u00e9coration de D\u00e9cors et Accessoires de cr\u00e8che, notre sp\u00e9cialit\u00e9 depuis 20 ans!<\/p>\n<p><!-- \/wp:paragraph --><\/p>\n<p><!-- wp:paragraph --><\/p>\n<p>Retrouvez \u00e0 travers nos Stages les bases de notre m\u00e9tier et laissez aller votre imagination au cours de cette activit\u00e9 ludique dans une ambiance chaleureuse, propice \u00e0 la cr\u00e9ativit\u00e9.<\/p>\n<\/div>\n<\/div><\/div><\/div><\/div><div id=\"pg-66-1\"  class=\"panel-grid panel-no-style\" ><div id=\"pgc-66-1-0\"  class=\"panel-grid-cell\" ><div id=\"panel-66-1-0-0\" class=\"so-panel widget widget_sow-image panel-first-child panel-last-child\" data-index=\"2\" ><div\n\t\t\t\n\t\t\tclass=\"so-widget-sow-image so-widget-sow-image-default-8b5b6f678277-66\"\n\t\t\t\n\t\t>\n<div class=\"sow-image-container\">\n\t\t<img \n\tsrc=\"https:\/\/i0.wp.com\/lesstagesdanthony.com\/wp-content\/uploads\/2024\/05\/20240218_141642.jpg?fit=3000%2C2184&amp;ssl=1\" width=\"3000\" height=\"2184\" srcset=\"https:\/\/i0.wp.com\/lesstagesdanthony.com\/wp-content\/uploads\/2024\/05\/20240218_141642.jpg?w=3000&amp;ssl=1 3000w, https:\/\/i0.wp.com\/lesstagesdanthony.com\/wp-content\/uploads\/2024\/05\/20240218_141642.jpg?resize=300%2C218&amp;ssl=1 300w, https:\/\/i0.wp.com\/lesstagesdanthony.com\/wp-content\/uploads\/2024\/05\/20240218_141642.jpg?resize=1024%2C745&amp;ssl=1 1024w, https:\/\/i0.wp.com\/lesstagesdanthony.com\/wp-content\/uploads\/2024\/05\/20240218_141642.jpg?resize=768%2C559&amp;ssl=1 768w, https:\/\/i0.wp.com\/lesstagesdanthony.com\/wp-content\/uploads\/2024\/05\/20240218_141642.jpg?resize=1536%2C1118&amp;ssl=1 1536w, https:\/\/i0.wp.com\/lesstagesdanthony.com\/wp-content\/uploads\/2024\/05\/20240218_141642.jpg?resize=2048%2C1491&amp;ssl=1 2048w, https:\/\/i0.wp.com\/lesstagesdanthony.com\/wp-content\/uploads\/2024\/05\/20240218_141642.jpg?resize=1200%2C874&amp;ssl=1 1200w, https:\/\/i0.wp.com\/lesstagesdanthony.com\/wp-content\/uploads\/2024\/05\/20240218_141642.jpg?resize=1568%2C1142&amp;ssl=1 1568w, https:\/\/i0.wp.com\/lesstagesdanthony.com\/wp-content\/uploads\/2024\/05\/20240218_141642.jpg?resize=750%2C546&amp;ssl=1 750w\" title=\"venez d\u00e9couvrir notre M\u00e9tier avec les stages modelage\" alt=\"\" \t\tclass=\"so-widget-image\"\/>\n\t<\/div>\n\n<\/div><\/div><\/div><\/div><div id=\"pg-66-2\"  class=\"panel-grid panel-no-style\" ><div id=\"pgc-66-2-0\"  class=\"panel-grid-cell\" ><div id=\"panel-66-2-0-0\" class=\"so-panel widget widget_sow-editor panel-first-child panel-last-child\" data-index=\"3\" ><div\n\t\t\t\n\t\t\tclass=\"so-widget-sow-editor so-widget-sow-editor-base\"\n\t\t\t\n\t\t>\n<div class=\"siteorigin-widget-tinymce textwidget\">\n\t<p><!-- \/wp:heading --><\/p>\n<p><!-- wp:paragraph {\"fontSize\":\"large\"} --><\/p>\n<h5><strong>Les Stages se d\u00e9roulent le Samedi et Dimanche de 10h \u00e0 17h00 avec une pause repas d'environ 1h. (Repas non compris)<\/strong><\/h5>\n<p><!-- \/wp:paragraph --><\/p>\n<p><!-- wp:paragraph --><\/p>\n<p><strong>Le Samedi<\/strong>, vous vous lancerez dans la cr\u00e9ation et le Modelage d'une Maison de village, un d\u00e9cors ou encore un Cabanon de Provence enti\u00e8rement Sculpt\u00e9 \u00e0 la main et en Argile, sous les conseils avis\u00e9s d'Anthony qui vous guidera et vous donnera tous les conseils n\u00e9cessaires \u00e0 la r\u00e9alisation et l'aboutissement de votre oeuvre.<\/p>\n<\/div>\n<\/div><\/div><\/div><\/div><div id=\"pg-66-3\"  class=\"panel-grid panel-no-style\" ><div id=\"pgc-66-3-0\"  class=\"panel-grid-cell\" ><div id=\"panel-66-3-0-0\" class=\"so-panel widget widget_sow-image panel-first-child panel-last-child\" data-index=\"4\" ><div\n\t\t\t\n\t\t\tclass=\"so-widget-sow-image so-widget-sow-image-default-8b5b6f678277-66\"\n\t\t\t\n\t\t>\n<div class=\"sow-image-container\">\n\t\t<img \n\tsrc=\"https:\/\/i0.wp.com\/lesstagesdanthony.com\/wp-content\/uploads\/2024\/05\/20240128_164526-rotated.jpg?fit=3000%2C4000&amp;ssl=1\" width=\"3000\" height=\"4000\" srcset=\"https:\/\/i0.wp.com\/lesstagesdanthony.com\/wp-content\/uploads\/2024\/05\/20240128_164526-rotated.jpg?w=3000&amp;ssl=1 3000w, https:\/\/i0.wp.com\/lesstagesdanthony.com\/wp-content\/uploads\/2024\/05\/20240128_164526-rotated.jpg?resize=225%2C300&amp;ssl=1 225w, https:\/\/i0.wp.com\/lesstagesdanthony.com\/wp-content\/uploads\/2024\/05\/20240128_164526-rotated.jpg?resize=768%2C1024&amp;ssl=1 768w, https:\/\/i0.wp.com\/lesstagesdanthony.com\/wp-content\/uploads\/2024\/05\/20240128_164526-rotated.jpg?resize=1152%2C1536&amp;ssl=1 1152w, https:\/\/i0.wp.com\/lesstagesdanthony.com\/wp-content\/uploads\/2024\/05\/20240128_164526-rotated.jpg?resize=1536%2C2048&amp;ssl=1 1536w, https:\/\/i0.wp.com\/lesstagesdanthony.com\/wp-content\/uploads\/2024\/05\/20240128_164526-rotated.jpg?resize=900%2C1200&amp;ssl=1 900w, https:\/\/i0.wp.com\/lesstagesdanthony.com\/wp-content\/uploads\/2024\/05\/20240128_164526-rotated.jpg?resize=600%2C800&amp;ssl=1 600w, https:\/\/i0.wp.com\/lesstagesdanthony.com\/wp-content\/uploads\/2024\/05\/20240128_164526-rotated.jpg?resize=450%2C600&amp;ssl=1 450w, https:\/\/i0.wp.com\/lesstagesdanthony.com\/wp-content\/uploads\/2024\/05\/20240128_164526-rotated.jpg?resize=300%2C400&amp;ssl=1 300w, https:\/\/i0.wp.com\/lesstagesdanthony.com\/wp-content\/uploads\/2024\/05\/20240128_164526-rotated.jpg?resize=150%2C200&amp;ssl=1 150w, https:\/\/i0.wp.com\/lesstagesdanthony.com\/wp-content\/uploads\/2024\/05\/20240128_164526-rotated.jpg?resize=1200%2C1600&amp;ssl=1 1200w, https:\/\/i0.wp.com\/lesstagesdanthony.com\/wp-content\/uploads\/2024\/05\/20240128_164526-rotated.jpg?resize=1568%2C2091&amp;ssl=1 1568w, https:\/\/i0.wp.com\/lesstagesdanthony.com\/wp-content\/uploads\/2024\/05\/20240128_164526-rotated.jpg?resize=750%2C1000&amp;ssl=1 750w, https:\/\/i0.wp.com\/lesstagesdanthony.com\/wp-content\/uploads\/2024\/05\/20240128_164526-rotated.jpg?w=2000&amp;ssl=1 2000w\" title=\"stages modelage \u00e0 l&rsquo;atelier der fanny pour sculpter votre d\u00e9cor de cr\u00e8che en argile pour vos santons de provence\" alt=\"\" \t\tclass=\"so-widget-image\"\/>\n\t<\/div>\n\n<\/div><\/div><\/div><div id=\"pgc-66-3-1\"  class=\"panel-grid-cell\" ><div id=\"panel-66-3-1-0\" class=\"so-panel widget widget_sow-editor panel-first-child panel-last-child\" data-index=\"5\" ><div\n\t\t\t\n\t\t\tclass=\"so-widget-sow-editor so-widget-sow-editor-base\"\n\t\t\t\n\t\t>\n<div class=\"siteorigin-widget-tinymce textwidget\">\n\t<p><strong>Le Dimanche matin<\/strong> vous r\u00e9aliserez en Argile de v\u00e9ritables sc\u00e8nes de vie Proven\u00e7ale en miniature, sorties tout droit de votre imagination compos\u00e9es d'accessoires comme un puits, un pont, une fontaine,etc... Le tout mis en Sc\u00e8ne sur un support en Argile agr\u00e9ment\u00e9 par de la v\u00e9g\u00e9tation, des cypr\u00e8s, des jarres, une table avec des bouteilles et des verres... A vous de voir et d'imaginer votre propre d\u00e9cors de cr\u00e8che et de laisser s'exprimer la cr\u00e9ativit\u00e9 qui sommeille en vous...<\/p>\n<p><!-- \/wp:paragraph --><\/p>\n<p><!-- wp:paragraph --><\/p>\n<p><strong>Le dimanche apr\u00e8s-midi<\/strong> nous passerons \u00e0 la d\u00e9coration d'un d\u00e9cors de cr\u00e8che et vous le finirez du d\u00e9but \u00e0 la fin, de la patine de base \u00e0 la d\u00e9coration finale en passant par toutes les \u00e9tapes de la d\u00e9coration d'une cr\u00e9ation de l'Atelier de Fanny, et vous repartirez avec !<\/p>\n<\/div>\n<\/div><\/div><\/div><\/div><div id=\"pg-66-4\"  class=\"panel-grid panel-no-style\" ><div id=\"pgc-66-4-0\"  class=\"panel-grid-cell\" ><div id=\"panel-66-4-0-0\" class=\"so-panel widget widget_sow-image panel-first-child panel-last-child\" data-index=\"6\" ><div\n\t\t\t\n\t\t\tclass=\"so-widget-sow-image so-widget-sow-image-default-8b5b6f678277-66\"\n\t\t\t\n\t\t>\n<div class=\"sow-image-container\">\n\t\t<img \n\tsrc=\"https:\/\/i0.wp.com\/lesstagesdanthony.com\/wp-content\/uploads\/2024\/06\/20240602_145556.jpg?fit=1200%2C1600&amp;ssl=1\" width=\"1200\" height=\"1600\" srcset=\"https:\/\/i0.wp.com\/lesstagesdanthony.com\/wp-content\/uploads\/2024\/06\/20240602_145556.jpg?w=1200&amp;ssl=1 1200w, https:\/\/i0.wp.com\/lesstagesdanthony.com\/wp-content\/uploads\/2024\/06\/20240602_145556.jpg?resize=225%2C300&amp;ssl=1 225w, https:\/\/i0.wp.com\/lesstagesdanthony.com\/wp-content\/uploads\/2024\/06\/20240602_145556.jpg?resize=768%2C1024&amp;ssl=1 768w, https:\/\/i0.wp.com\/lesstagesdanthony.com\/wp-content\/uploads\/2024\/06\/20240602_145556.jpg?resize=1152%2C1536&amp;ssl=1 1152w, https:\/\/i0.wp.com\/lesstagesdanthony.com\/wp-content\/uploads\/2024\/06\/20240602_145556.jpg?resize=900%2C1200&amp;ssl=1 900w, https:\/\/i0.wp.com\/lesstagesdanthony.com\/wp-content\/uploads\/2024\/06\/20240602_145556.jpg?resize=600%2C800&amp;ssl=1 600w, https:\/\/i0.wp.com\/lesstagesdanthony.com\/wp-content\/uploads\/2024\/06\/20240602_145556.jpg?resize=450%2C600&amp;ssl=1 450w, https:\/\/i0.wp.com\/lesstagesdanthony.com\/wp-content\/uploads\/2024\/06\/20240602_145556.jpg?resize=300%2C400&amp;ssl=1 300w, https:\/\/i0.wp.com\/lesstagesdanthony.com\/wp-content\/uploads\/2024\/06\/20240602_145556.jpg?resize=150%2C200&amp;ssl=1 150w\" title=\"stage modelage de sculpture d&rsquo;un d\u00e9cor en argile\" alt=\"\" \t\tclass=\"so-widget-image\"\/>\n\t<\/div>\n\n<\/div><\/div><\/div><div id=\"pgc-66-4-1\"  class=\"panel-grid-cell\" ><div id=\"panel-66-4-1-0\" class=\"so-panel widget widget_sow-image panel-first-child panel-last-child\" data-index=\"7\" ><div\n\t\t\t\n\t\t\tclass=\"so-widget-sow-image so-widget-sow-image-default-8b5b6f678277-66\"\n\t\t\t\n\t\t>\n<div class=\"sow-image-container\">\n\t\t<img \n\tsrc=\"https:\/\/i0.wp.com\/lesstagesdanthony.com\/wp-content\/uploads\/2024\/05\/20240512_192348.jpg?fit=1200%2C842&amp;ssl=1\" width=\"1200\" height=\"842\" srcset=\"https:\/\/i0.wp.com\/lesstagesdanthony.com\/wp-content\/uploads\/2024\/05\/20240512_192348.jpg?w=1200&amp;ssl=1 1200w, https:\/\/i0.wp.com\/lesstagesdanthony.com\/wp-content\/uploads\/2024\/05\/20240512_192348.jpg?resize=300%2C211&amp;ssl=1 300w, https:\/\/i0.wp.com\/lesstagesdanthony.com\/wp-content\/uploads\/2024\/05\/20240512_192348.jpg?resize=1024%2C719&amp;ssl=1 1024w, https:\/\/i0.wp.com\/lesstagesdanthony.com\/wp-content\/uploads\/2024\/05\/20240512_192348.jpg?resize=768%2C539&amp;ssl=1 768w, https:\/\/i0.wp.com\/lesstagesdanthony.com\/wp-content\/uploads\/2024\/05\/20240512_192348.jpg?resize=750%2C526&amp;ssl=1 750w\" title=\"stage modelage d&rsquo;argile \u00e0 Aubagne\" alt=\"\" \t\tclass=\"so-widget-image\"\/>\n\t<\/div>\n\n<\/div><\/div><\/div><div id=\"pgc-66-4-2\"  class=\"panel-grid-cell\" ><div id=\"panel-66-4-2-0\" class=\"so-panel widget widget_sow-image panel-first-child panel-last-child\" data-index=\"8\" ><div\n\t\t\t\n\t\t\tclass=\"so-widget-sow-image so-widget-sow-image-default-8b5b6f678277-66\"\n\t\t\t\n\t\t>\n<div class=\"sow-image-container\">\n\t\t<img \n\tsrc=\"https:\/\/i0.wp.com\/lesstagesdanthony.com\/wp-content\/uploads\/2024\/06\/20240602_145629.jpg?fit=1118%2C1222&amp;ssl=1\" width=\"1118\" height=\"1222\" srcset=\"https:\/\/i0.wp.com\/lesstagesdanthony.com\/wp-content\/uploads\/2024\/06\/20240602_145629.jpg?w=1118&amp;ssl=1 1118w, https:\/\/i0.wp.com\/lesstagesdanthony.com\/wp-content\/uploads\/2024\/06\/20240602_145629.jpg?resize=274%2C300&amp;ssl=1 274w, https:\/\/i0.wp.com\/lesstagesdanthony.com\/wp-content\/uploads\/2024\/06\/20240602_145629.jpg?resize=937%2C1024&amp;ssl=1 937w, https:\/\/i0.wp.com\/lesstagesdanthony.com\/wp-content\/uploads\/2024\/06\/20240602_145629.jpg?resize=768%2C839&amp;ssl=1 768w, https:\/\/i0.wp.com\/lesstagesdanthony.com\/wp-content\/uploads\/2024\/06\/20240602_145629.jpg?resize=600%2C656&amp;ssl=1 600w\" title=\"stage modelage de sculpture d&rsquo;un d\u00e9cor en argile pour vos santons de provence\" alt=\"\" \t\tclass=\"so-widget-image\"\/>\n\t<\/div>\n\n<\/div><\/div><\/div><\/div><div id=\"pg-66-5\"  class=\"panel-grid panel-no-style\" ><div id=\"pgc-66-5-0\"  class=\"panel-grid-cell\" ><div id=\"panel-66-5-0-0\" class=\"so-panel widget widget_sow-editor panel-first-child\" data-index=\"9\" ><div\n\t\t\t\n\t\t\tclass=\"so-widget-sow-editor so-widget-sow-editor-base\"\n\t\t\t\n\t\t>\n<div class=\"siteorigin-widget-tinymce textwidget\">\n\t<p><strong>A la fin du Stage<\/strong> et surtout d\u00e8s que vos cr\u00e9ations seront s\u00e8ches, nous les ferons cuire et vous pourrez les r\u00e9cup\u00e9rer une fois la cuisson termin\u00e9e de fa\u00e7on \u00e0 les d\u00e9corer chez vous... Vous repartirez le soir m\u00eame avec la pi\u00e8ce que vous avez d\u00e9cor\u00e9 le dimanche apr\u00e8s-midi !<\/p>\n<p>Nous pourrons aussi vous exp\u00e9dier vos cr\u00e9ations, une fois cuites si vous habitez loin, les frais d'exp\u00e9dition seront \u00e0 votre charge.<\/p>\n<\/div>\n<\/div><\/div><div id=\"panel-66-5-0-1\" class=\"so-panel widget widget_sow-button panel-last-child\" data-index=\"10\" ><div\n\t\t\t\n\t\t\tclass=\"so-widget-sow-button so-widget-sow-button-flat-e8b1156441de-66\"\n\t\t\t\n\t\t><div class=\"ow-button-base ow-button-align-center\"\n>\n\t\t\t<a\n\t\t\t\t\thref=\"https:\/\/lesstagesdanthony.com\/?post_type=product\"\n\t\t\t\t\tclass=\"sowb-button ow-icon-placement-left ow-button-hover\" \t>\n\t\t<span>\n\t\t\t\n\t\t\tR\u00e9servez votre Stage Modelage\t\t<\/span>\n\t\t\t<\/a>\n\t<\/div>\n<\/div><\/div><\/div><\/div><\/div>","protected":false},"excerpt":{"rendered":"<p>Anthony, Santonnier-Cr\u00e9chiste \u00e0 l&rsquo;Atelier de Fanny vous propose la d\u00e9couverte d\u2019une Facette du m\u00e9tier de Santonnier, la cr\u00e9ation, le modelage et la d\u00e9coration de D\u00e9cors et Accessoires de cr\u00e8che, notre sp\u00e9cialit\u00e9 depuis 20 ans! Retrouvez \u00e0 travers nos Stages les bases de notre m\u00e9tier et laissez aller votre imagination au cours de cette activit\u00e9 ludique [&hellip;]<\/p>\n","protected":false},"author":134120046,"featured_media":0,"parent":0,"menu_order":0,"comment_status":"closed","ping_status":"closed","template":"","meta":{"_coblocks_attr":"","_coblocks_dimensions":"","_coblocks_responsive_height":"","_coblocks_accordion_ie_support":"","_crdt_document":"","footnotes":""},"class_list":["post-66","page","type-page","status-publish","hentry"],"yoast_head":"<!-- This site is optimized with the Yoast SEO plugin v27.4 - https:\/\/yoast.com\/product\/yoast-seo-wordpress\/ -->\n<title>Programme des stages sculpture et modelage<\/title>\n<meta name=\"robots\" content=\"index, follow, max-snippet:-1, max-image-preview:large, max-video-preview:-1\" \/>\n<link rel=\"canonical\" href=\"https:\/\/lesstagesdanthony.com\/?page_id=66\" \/>\n<meta property=\"og:locale\" content=\"fr_FR\" \/>\n<meta property=\"og:type\" content=\"article\" \/>\n<meta property=\"og:title\" content=\"Programme des stages sculpture et modelage\" \/>\n<meta property=\"og:description\" content=\"Anthony, Santonnier-Cr\u00e9chiste \u00e0 l&#039;Atelier de Fanny vous propose la d\u00e9couverte d\u2019une Facette du m\u00e9tier de Santonnier, la cr\u00e9ation, le modelage et la d\u00e9coration de D\u00e9cors et Accessoires de cr\u00e8che, notre sp\u00e9cialit\u00e9 depuis 20 ans! Retrouvez \u00e0 travers nos Stages les bases de notre m\u00e9tier et laissez aller votre imagination au cours de cette activit\u00e9 ludique [&hellip;]\" \/>\n<meta property=\"og:url\" content=\"https:\/\/lesstagesdanthony.com\/?page_id=66\" \/>\n<meta property=\"og:site_name\" content=\"Stages Sculpture et Modelage en Argile\" \/>\n<meta property=\"article:publisher\" content=\"http:\/\/www.facebook.com\/atelierfanny\" \/>\n<meta property=\"article:modified_time\" content=\"2025-01-24T09:52:50+00:00\" \/>\n<meta name=\"twitter:card\" content=\"summary_large_image\" \/>\n<meta name=\"twitter:label1\" content=\"Dur\u00e9e de lecture estim\u00e9e\" \/>\n\t<meta name=\"twitter:data1\" content=\"3 minutes\" \/>\n<script type=\"application\/ld+json\" class=\"yoast-schema-graph\">{\"@context\":\"https:\\\/\\\/schema.org\",\"@graph\":[{\"@type\":\"WebPage\",\"@id\":\"https:\\\/\\\/lesstagesdanthony.com\\\/?page_id=66\",\"url\":\"https:\\\/\\\/lesstagesdanthony.com\\\/?page_id=66\",\"name\":\"Programme des stages sculpture et modelage\",\"isPartOf\":{\"@id\":\"https:\\\/\\\/lesstagesdanthony.com\\\/#website\"},\"datePublished\":\"2020-08-30T16:39:39+00:00\",\"dateModified\":\"2025-01-24T09:52:50+00:00\",\"breadcrumb\":{\"@id\":\"https:\\\/\\\/lesstagesdanthony.com\\\/?page_id=66#breadcrumb\"},\"inLanguage\":\"fr-FR\",\"potentialAction\":[{\"@type\":\"ReadAction\",\"target\":[\"https:\\\/\\\/lesstagesdanthony.com\\\/?page_id=66\"]}]},{\"@type\":\"BreadcrumbList\",\"@id\":\"https:\\\/\\\/lesstagesdanthony.com\\\/?page_id=66#breadcrumb\",\"itemListElement\":[{\"@type\":\"ListItem\",\"position\":1,\"name\":\"Accueil\",\"item\":\"https:\\\/\\\/lesstagesdanthony.com\\\/\"},{\"@type\":\"ListItem\",\"position\":2,\"name\":\"Programme des Stages week-end\"}]},{\"@type\":\"WebSite\",\"@id\":\"https:\\\/\\\/lesstagesdanthony.com\\\/#website\",\"url\":\"https:\\\/\\\/lesstagesdanthony.com\\\/\",\"name\":\"Stages Sculpture et Modelage\",\"description\":\"Stages Sculpture et Modelage de d\u00e9cors en Argile \u00e0 Aubagne\",\"potentialAction\":[{\"@type\":\"SearchAction\",\"target\":{\"@type\":\"EntryPoint\",\"urlTemplate\":\"https:\\\/\\\/lesstagesdanthony.com\\\/?s={search_term_string}\"},\"query-input\":{\"@type\":\"PropertyValueSpecification\",\"valueRequired\":true,\"valueName\":\"search_term_string\"}}],\"inLanguage\":\"fr-FR\"}]}<\/script>\n<!-- \/ Yoast SEO plugin. -->","yoast_head_json":{"title":"Programme des stages sculpture et modelage","robots":{"index":"index","follow":"follow","max-snippet":"max-snippet:-1","max-image-preview":"max-image-preview:large","max-video-preview":"max-video-preview:-1"},"canonical":"https:\/\/lesstagesdanthony.com\/?page_id=66","og_locale":"fr_FR","og_type":"article","og_title":"Programme des stages sculpture et modelage","og_description":"Anthony, Santonnier-Cr\u00e9chiste \u00e0 l'Atelier de Fanny vous propose la d\u00e9couverte d\u2019une Facette du m\u00e9tier de Santonnier, la cr\u00e9ation, le modelage et la d\u00e9coration de D\u00e9cors et Accessoires de cr\u00e8che, notre sp\u00e9cialit\u00e9 depuis 20 ans! Retrouvez \u00e0 travers nos Stages les bases de notre m\u00e9tier et laissez aller votre imagination au cours de cette activit\u00e9 ludique [&hellip;]","og_url":"https:\/\/lesstagesdanthony.com\/?page_id=66","og_site_name":"Stages Sculpture et Modelage en Argile","article_publisher":"http:\/\/www.facebook.com\/atelierfanny","article_modified_time":"2025-01-24T09:52:50+00:00","twitter_card":"summary_large_image","twitter_misc":{"Dur\u00e9e de lecture estim\u00e9e":"3 minutes"},"schema":{"@context":"https:\/\/schema.org","@graph":[{"@type":"WebPage","@id":"https:\/\/lesstagesdanthony.com\/?page_id=66","url":"https:\/\/lesstagesdanthony.com\/?page_id=66","name":"Programme des stages sculpture et modelage","isPartOf":{"@id":"https:\/\/lesstagesdanthony.com\/#website"},"datePublished":"2020-08-30T16:39:39+00:00","dateModified":"2025-01-24T09:52:50+00:00","breadcrumb":{"@id":"https:\/\/lesstagesdanthony.com\/?page_id=66#breadcrumb"},"inLanguage":"fr-FR","potentialAction":[{"@type":"ReadAction","target":["https:\/\/lesstagesdanthony.com\/?page_id=66"]}]},{"@type":"BreadcrumbList","@id":"https:\/\/lesstagesdanthony.com\/?page_id=66#breadcrumb","itemListElement":[{"@type":"ListItem","position":1,"name":"Accueil","item":"https:\/\/lesstagesdanthony.com\/"},{"@type":"ListItem","position":2,"name":"Programme des Stages week-end"}]},{"@type":"WebSite","@id":"https:\/\/lesstagesdanthony.com\/#website","url":"https:\/\/lesstagesdanthony.com\/","name":"Stages Sculpture et Modelage","description":"Stages Sculpture et Modelage de d\u00e9cors en Argile \u00e0 Aubagne","potentialAction":[{"@type":"SearchAction","target":{"@type":"EntryPoint","urlTemplate":"https:\/\/lesstagesdanthony.com\/?s={search_term_string}"},"query-input":{"@type":"PropertyValueSpecification","valueRequired":true,"valueName":"search_term_string"}}],"inLanguage":"fr-FR"}]}},"jetpack_likes_enabled":false,"jetpack_sharing_enabled":true,"jetpack_shortlink":"https:\/\/wp.me\/Pckqc9-14","amp_enabled":true,"_links":{"self":[{"href":"https:\/\/lesstagesdanthony.com\/index.php?rest_route=\/wp\/v2\/pages\/66","targetHints":{"allow":["GET"]}}],"collection":[{"href":"https:\/\/lesstagesdanthony.com\/index.php?rest_route=\/wp\/v2\/pages"}],"about":[{"href":"https:\/\/lesstagesdanthony.com\/index.php?rest_route=\/wp\/v2\/types\/page"}],"author":[{"embeddable":true,"href":"https:\/\/lesstagesdanthony.com\/index.php?rest_route=\/wp\/v2\/users\/134120046"}],"replies":[{"embeddable":true,"href":"https:\/\/lesstagesdanthony.com\/index.php?rest_route=%2Fwp%2Fv2%2Fcomments&post=66"}],"version-history":[{"count":54,"href":"https:\/\/lesstagesdanthony.com\/index.php?rest_route=\/wp\/v2\/pages\/66\/revisions"}],"predecessor-version":[{"id":3348,"href":"https:\/\/lesstagesdanthony.com\/index.php?rest_route=\/wp\/v2\/pages\/66\/revisions\/3348"}],"wp:attachment":[{"href":"https:\/\/lesstagesdanthony.com\/index.php?rest_route=%2Fwp%2Fv2%2Fmedia&parent=66"}],"curies":[{"name":"wp","href":"https:\/\/api.w.org\/{rel}","templated":true}]}}